. Give d(21).
-19
Let t(o) = 23*o**3 + 10*o**2 + 18*o - 38. Let r(v) = -21*v**3 - 9*v**2 - 17*v + 35. Let w(y) = 12*r(y) + 11*t(y). Give w(-4).
-6
Let i(c) = -104*c + 53. Let x(m) = -435*m + 213. Let q(a) = 21*i(a) - 5*x(a). Calculate q(8).
-24
Let v(n) = 2*n**2 - 27*n - 23. Suppose 11493 - 11452 = 2*s - b, 4*s - 109 = 5*b. Calculate v(s).
57
Let h be 648/486*63/28. Let r(q) = -q**2 + q - 4 + q**3 - 2*q**2 + 3*q. What is r(h)?
8
Let a(h) be the third derivative of h**6/120 - 2*h**5/5 + 23*h**4/24 + 8*h**3/3 + 63*h**2 + 4. Calculate a(23).
16
Let n(q) = -11*q**3 + 4*q**2 - 12*q - 7. Let t(l) = -14*l**3 + 6*l**2 - 16*l - 9. Let s(z) = 9*n(z) - 7*t(z). What is s(-2)?
-24
Let g(i) be the first derivative of -i**4/4 - 7*i**3/3 - 9*i**2/2 + 11*i + 2943. What is g(-5)?
6
Suppose -m = 4*h + 2 - 16, -h = 5*m + 6. Let g(q) = 35*q**3 + 37*q**3 - 3*q**2 + q + 35*q**3 - 148*q**3 + 42*q**3. Give g(h).
20
Let u(b) be the second derivative of 15 + 2/3*b**4 + 1/20*b**5 + 0*b**2 - b**3 - 6*b. What is u(-8)?
48
Suppose -5*g + 3*u + 2 = -3, g + 2*u = 1. Let j(k) = 5*k**2 - 5*k**2 + 125*k**3 + g - 106*k**3. What is j(-1)?
-18
Let b(n) = -n**3 + 9*n**2 - 11*n + 23. Let m = 2484 + -2476. What is b(m)?
-1
Let i(b) = b**3 - 7*b**2 + 3*b - 19. Let r be i(7). Let x(q) = 80*q**r + 1 - 90*q**2 + q**3 - 6 + 10*q. Determine x(9).
4
Let q(d) = -6*d**3 - 18 - 9*d**2 + 5*d**3 - 21*d + 7*d + 19*d**2. What is q(8)?
-2
Let s(c) be the second derivative of 1/15*c**5 + 1/24*c**4 - 4*c**2 + 1/3*c**3 + 8*c + 0. Let u(q) be the first derivative of s(q). Give u(-2).
16
Suppose 0 = -100*q + 97*q - 9. Let y be q/36*-4 + (-14)/(-3). Let h(b) = b**3 - 4*b**2 - b - 1. Determine h(y).
19
Let s(v) = v**3 - 11*v**2 + 9*v + 10. Suppose -z = 3, -4*q - q = -4*z - 37. Suppose -7 = -4*i - 27, q*i + 5 = -2*w. Calculate s(w).
0
Let u(r) = -2 - 23*r + 60*r - 21*r - 24*r + 7*r. Let v(s) = -s - 5. Let j(h) = h - 2. Let g be j(-6). Let z be v(g). Calculate u(z).
-5
Let z = 31 - 20. Let l(i) = 14*i - z*i - 7*i. Let g(k) = k**3 + 6*k**2 - 7*k - 1. Let y be g(-7). What is l(y)?
4
Let z(t) be the second derivative of -1/20*t**5 + 5 + 1/6*t**3 - t + 0*t**4 - 1/2*t**2. Determine z(0).
-1
Let o(r) = -r**2 - r. Suppose -q + 17 = 12. Let k(x) = 4*x**2 + 4*x + 8. Let u(f) = q*o(f) + k(f). Determine u(0).
8
Let f(t) = -t**3 + 8*t**2 - 7*t + 7. Suppose -l = -2*u + l - 194, 388 = -4*u - l. Let y = u - -104. What is f(y)?
7
Let j be (-2)/(-14) + (240/(-112) - -6). Let u(d) = d**2 + 2*d + 7. Determine u(j).
31
Let j(p) = -p + 11. Let h(s) = 3*s**3 + s**2 + s. Let b be h(-1). Let x be (-12)/b - (-4 + 8). Calculate j(x).
11
Let w = 5 - 11. Let x(b) = -19*b + 91. Let u be x(4). Let f(p) = u*p + 16*p + 5 - 28*p. What is f(w)?
-13
Let s(n) = 44*n + 7 + 24 - 57*n + 20*n - 1. Calculate s(-4).
2
Let b(y) = y**3 + y**2 + 1. Let o(j) = 4*j**3 + 116*j**2 - 56*j**2 - 53*j**2 + 6 + 2*j. Let i(g) = 5*b(g) - o(g). Calculate i(-1).
-2
Let l = -23 - -26. Let x be (l/4)/((28/(-32))/7). Let f(k) = -7*k**2 - k**3 - 6*k + 2*k + 2 + 0. Give f(x).
-10
Let i(a) be the first derivative of -a**3 + 7*a**2 - 14*a - 4877. Determine i(1).
-3
Let y(r) = -3*r**2 + 11*r + 21. Let a(x) = -x**2 + 3*x + 5. Let m(j) = -10*a(j) + 3*y(j). Determine m(-6).
31
Let j(p) = p**2 - 12*p + 13. Let q(x) = -4*x - 21. Let b be q(-6). Suppose b*r = 0, -r = 5*i - 3*r - 45. Determine j(i).
-14
Suppose 5*r - 49 = -2*s + 2*r, s + 2*r = 26. Let a = s - 12. Let w(p) = -p**2 + 16*p - 2 - 9*p - 2 + 8. What is w(a)?
-4
Let j(q) = q**3 + 12*q**2 - 22*q + 82. Let g be j(-14). Let k(s) = 2*s**2 + 4*s + 2. Calculate k(g).
2
Let f(s) = -s**3 + 16*s**2 + 19*s - 24. Let g be f(17). Let t(d) = 2*d**2 - 9*d - 9. Give t(g).
101
Let p(m) = -m**2 - 24*m. Suppose -19*o - 258 = 141. Give p(o).
63
Let h(l) = -76 - 91 + 256 + l - 4*l**2 - 2*l**3 - 88. Suppose m = -0*m + 8. Suppose 0 = -2*d + v - 10, 5*d + m = -v - 3. What is h(d)?
16
Let f be (-2)/(-6)*-1*9. Let z(y) be the third derivative of 0 + 0*y - 1/6*y**3 - 1/12*y**4 + 10*y**2. Give z(f).
5
Let j(c) = c + 30 + 16 + 2*c - 66 + 22. Suppose 0 = -2*s + 4*s + 4*u + 4, s + 2 = -5*u. Calculate j(s).
-4
Let q(v) = -v**2 + 3*v - 5. Let t be q(0). Let y(j) be the first derivative of j**2/2 + 7*j - 23. Determine y(t).
2
Suppose 1 = r - 5*m, -r = -3*r + 3*m - 12. Let w(f) = -3*f - 20. Let k(q) = q + 5. Let y(l) = r*k(l) - 2*w(l). Let z be (2*-3)/((-42)/(-28)). What is y(z)?
7
Let x(p) be the third derivative of 0*p - 2 + 3*p**2 - 2/3*p**3 - 1/60*p**5 - 1/3*p**4. Give x(-5).
11
Suppose -16 = 25*p - 29*p. Let x(k) = p + 4 - k - 4. Let t(c) = -c + 7. Let z(o) = 4*t(o) - 7*x(o). Determine z(2).
6
Let c(f) = -2*f + 11. Let r = -298 + 739. Let l = r - 431. What is c(l)?
-9
Let r(q) = -q**2 + 4*q + 6. Let g be (-189)/18*(-28)/(-21). Let v be (154/(-44))/(g/24). Determine r(v).
-6
Let s(u) be the first derivative of 2*u**2 - 6*u - 52. Let n be (-117)/(-273)*28/6. Give s(n).
2
Let p be (-3)/(-12) + 2/(-8). Suppose o - 20 = -3*z + 1, 5*o = p. Let m(q) be the first derivative of q**3/3 - 5*q**2/2 + 4*q + 1994. What is m(z)?
18
Let s(d) = d**2 - 18*d - 24. Suppose -2*n + c = n - 62, -3*n + 3*c + 66 = 0. Determine s(n).
16
Let q(b) = b**3 + 6*b - 11*b + 0*b + 7*b + 8*b**2 + 26. Determine q(-8).
10
Let r(m) = 331*m + m**3 - 174*m + 0*m**3 - 173*m + 7*m**2 - 20. Give r(-9).
-38
Let v(s) = s - 1. Suppose -11*k = -54 - 265. Suppose 0 = 4*i + 3*d - k, 5*i + d - 37 = -2*d. Determine v(i).
7
Let j(l) = -26*l**2 - 313*l - 8. Suppose 0 = -i + 2*k - 8, -i - 69*k - 10 = -70*k. Determine j(i).
4
Suppose -1694 = 5*p - 27*p. Suppose 17*a - 8 = p. Let d(o) = -2*o**2 + 11*o - 2. Calculate d(a).
3
Suppose z - 4 = -z. Let r(u) be the third derivative of 0*u + 0 + 0*u**3 - 28*u**2 + 1/10*u**5 - 1/12*u**4. What is r(z)?
20
Let i be (1/(-2))/((-3)/30). Suppose 3*u - 2 + 3 = i*o, 3*o - 4*u + 6 = 0. Suppose k - o*k = -y + 1, -4*k + 21 = y. Let q(l) = l**2 - 5*l - 4. Calculate q(y).
-4
Suppose 0 = -4*m - 10 - 2, 2*l = 2*m + 20. Let c(d) = -7 - 5*d - d**2 - 9*d + 22*d. Calculate c(l).
0
Let s(u) = -u - 10. Let w(d) = -d**2 - 2*d - 31. Let l(h) = -2*s(h) + w(h). Determine l(5).
-36
Let b(z) = -z**2 + 6*z + 17. Let v be 3 - -1 - 48/(-12). Let u be b(v). Let m(l) = u + 2*l**2 + 3*l - 2 - l**2. Give m(-4).
3
Let f(c) = -c**2 - 9*c + 4. Let o = 309 - 566. Let x = o - -250. Calculate f(x).
18
Let z(r) = -r**3 - 5*r**2 + 3. Suppose -2*c + t = -31, 2*c - 5*t = c + 2. Suppose -10*h = c + 13. What is z(h)?
-15
Let a(z) = -z**2 - z. Let d(y) = 5*y + 38. Let o = -12 + 15. Let f be (-1)/(o/9)*56/21. Let n be d(f). What is a(n)?
-2
Let u = -534 - -536. Let g be (-41)/82*(-7 + u/2). Let x(k) = 2*k + 2. Determine x(g).
8
Suppose 2 = 2*y - 3*x, -x + 23 = 5*y + 1. Let t(m) be the third derivative of m**5/60 - 7*m**4/24 + 5*m**3/6 - m**2 + 15977*m + 2. What is t(y)?
-7
Suppose -5*l = -2*l - 5*o - 18, -l + 6 = -o. Suppose -c - l = 2*c. Let w(u) = u**3 + 2*u**2 + 4*u + 2. What is w(c)?
-6
Let f(n) = -n + 1. Let r(o) = -28*o**2 + 4*o - 2. Let m(c) = 3*f(c) + r(c). Suppose 53 = -28*s - 14*s + 11. Determine m(s).
-28
Let f(o) = 1368*o**2 - 683*o**2 - 686*o**2 - 5 - 7*o. Let c be f(-2). Let j(l) = -2*l. Determine j(c).
-10
Let d(w) = -551 + w**2 - w + 994 - 443. What is d(2)?
2
Let n(z) = 1 - 13*z - 13*z + 55*z - 11*z - 12*z. Let j = -109 - -105. Give n(j).
-23
Suppose f - 12*h = -8*h - 19, -4*h + 4 = 4*f. Let y(g) = -5*g - 44. Give y(f).
-29
Let k = 7900 - 7916. Let z(c) = c**3 + 16*c**2 - 7*c - 22. What is z(k)?
90
Let m(o) be the first derivative of o**4/4 + 5*o**3/3 - o**2 - 6*o + 65. Let f be ((-2)/(-1))/(-1) + -3. Let y be m(f). Let j(t) = 3*t - 6. Give j(y).
6
Suppose -13*d + 10*d = -78. Let w(a) = 27 - 51 + d - 4*a + 2*a**2. What is w(3)?
8
Suppose 6*r - 1053 = -1071. Let b(t) = -7*t + 5. What is b(r)?
26
Let i(j) = -j**3 - 5*j**2 + 6*j + 4. Let o(a) = -2*a**2 + 18*a + 2. Let g be o(10). Let q = g + 18. Suppose q = -4*y - 5 - 19. Calculate i(y).
4
Let b(x) = -x**3 - 17*x**2 + 23*x + 5. Let t be b(4). Let y = t - -239. Let j(q) = 3*q. Calculate j(y).
0
Let k(i) = i**2 + i - 2. Let t(b) = -6*b**2 - 19*b - 18. Let h(g) = 2*k(g) + t(g). What is h(-3)?
-7
Let z(m) be the first derivative of -1/2*m**2 - 21 + 2*m. Give z(0).
2
Let q(i) = 39 - 169992*i + 6*i**2 + i**3 - 4*i**2 + 3*i**2 + 170006*i + 2*i**